ghest common factor of 306 and i?
51
Let i = 66 + 0. Suppose 0*h = h - i. What is the highest common divisor of h and 44?
22
Suppose 3*i = 4*i - 30. Calculate the greatest common divisor of i and 50.
10
Let q(i) = 2*i + 37. Let k be q(4). What is the highest common divisor of k and 1755?
45
Let f = 724 - 564. Calculate the highest common factor of f and 380.
20
Let o(s) = -s**3 - 4*s**2 - 10*s - 66. Let l be o(-5). What is the highest common divisor of 249 and l?
3
Let r(u) = -u - 10. Let f be r(-18). Let x be 820/16 - (-6)/f. Calculate the highest common divisor of 13 and x.
13
Let s be (-2)/2 + 4/(12/93). Suppose -5*a = -s - 70. Suppose 3*m + 5*p = -9, -5*p + 0 = 4*m + 7. What is the greatest common factor of m and a?
2
Suppose -7*i - 6*i + 2295 = 14*i. Let s be 1/(-2*(-1)/68). What is the greatest common divisor of i and s?
17
Let i be 2/(-1)*216/(-16). Calculate the greatest common factor of 27 and i.
27
Let i = 184 + -31. Suppose 3*w - w - 87 = -5*v, 4*w = -3*v + i. Suppose -5*b - 3*g + 100 = 2*g, b = 2*g + 32. What is the highest common factor of b and w?
12
Suppose -5*d + 175 = 3*p - 4*p, 4*d - 4*p - 140 = 0. Let v = 19 - -2. Calculate the highest common divisor of v and d.
7
Let d = -145 - -275. Let p = d - 106. What is the greatest common divisor of p and 36?
12
Let l = 808 - 690. What is the greatest common divisor of l and 177?
59
Suppose 458*v + 2210 = 468*v. Calculate the highest common divisor of v and 51.
17
Suppose 3*g - 28 = -v - 9, -9 = -3*g. Let z be ((-84)/(-5))/(3/v). What is the highest common factor of z and 84?
28
Let z(y) = -95*y + 315. Let j be z(3). What is the highest common divisor of j and 45?
15
Let s be (-11)/(1/(-26)*2). Suppose -2*r + 142 = 5*u, -3*r = u + 4*u - s. What is the greatest common divisor of u and 140?
28
Suppose 75 = 2*q + 5. Let w(c) = c**3 + 37*c**2 + 5. Let g be w(-37). What is the highest common factor of g and q?
5
Let z(q) = -q**2 - 4*q + 14. Let v be z(-6). Let i(s) = -s**2 + 8*s - 6. Suppose d = 2*d - 6. Let t be i(d). Calculate the greatest common factor of t and v.
2
Suppose -4*t + 105 = 3*x, 6*t - 114 = -3*x + 5*t. Suppose 12 = 2*a + a. Let s be ((-26)/8)/((-1)/a). Calculate the greatest common factor of s and x.
13
Suppose -248 = -57*v + 37. What is the highest common factor of 500 and v?
5
Suppose -4*t + 24 = -8. Let l be (-14)/21 - 10/(-6). Let w be -1 - l - (-74)/1. What is the highest common divisor of t and w?
8
Suppose 4*z = -46 + 190. What is the greatest common divisor of z and 252?
36
Let w(p) = p**3 + 7*p**2 + 5*p - 3. Let n be w(-6). Suppose n*a + 1 = 4*a. Let b be a - -1 - (-123 + -1). What is the highest common factor of 18 and b?
18
Let d(b) = -b**3 + 22*b**2 + 9. Let y be d(22). Suppose -l = y*l - 20. What is the greatest common factor of 22 and l?
2
Let m(t) = -t**2 + 16*t - 2. Suppose -5*b + 3*q - 16 = -76, -3*b - q = -50. Let o be m(b). Let g = 29 + 23. What is the highest common factor of g and o?
13
Suppose -2*m + 18 = -0*m. Let j = m - 7. Suppose 11*f = -17*f + 140. Calculate the greatest common factor of f and j.
1
Let c(o) = 2*o + 32. Let q be c(-15). Suppose -q*t - 2*m + 226 = 0, 0*t = -2*t + 4*m + 220. Calculate the highest common divisor of t and 28.
28
Let j be 60/(4 + -2)*40/100. What is the greatest common divisor of 60 and j?
12
Suppose 6*w - 3*w - 2 = -d, w + 2 = 0. Let o be 1*(-1)/2*-94. Let v = 71 - o. What is the greatest common divisor of v and d?
8
Let g = 559 - 546. Let w(o) = 47*o + 2. Let j be w(3). What is the greatest common divisor of g and j?
13
Let c(j) = -2*j**2 - 30*j + 10. Let i be c(-15). Suppose i*z - 243 = z. Suppose 5*o - 139 + 4 = 0. Calculate the greatest common divisor of o and z.
27
Let j be (56/(-224))/(1/(-532)). Calculate the greatest common divisor of j and 19.
19
Let o(q) = 5*q + 55. Let f be o(0). Let t be f/2 - (0 + 2/(-4)). Calculate the highest common divisor of 70 and t.
14
Suppose 0*q + 680 = 4*q. Suppose 0 = -2*g + 4*g - 2*t - 80, 4*g = 2*t + q. Let j be 3*3/(27/15). What is the highest common factor of g and j?
5
Let f be (-8 - 280/21)*-3. What is the highest common factor of 8 and f?
8
Let r be (-22)/(-77)*(-5)/10*-14. Suppose 73 = 5*g - 7. Calculate the greatest common divisor of r and g.
2
Let b = -488 + 536. Calculate the greatest common divisor of 192 and b.
48
Suppose 6 = -m + 50. Calculate the highest common divisor of 1364 and m.
44
Let p = -3 + -23. Let r be (-32)/6*975/p. What is the greatest common factor of 25 and r?
25
Let p(d) = -3*d**3 + 3*d**2 - 4*d + 1. Let v be p(1). Let n be (v - -1) + -12*-1*1. What is the highest common divisor of n and 50?
10
Let j = 48 + 18. What is the greatest common divisor of j and 2?
2
Suppose 2*b - 5*v = 2192, 25*b = 23*b - 2*v + 2192. What is the greatest common factor of 8 and b?
8
Suppose -18*o + 19*o - 1173 = -5*s, -o + 1177 = s. What is the highest common divisor of o and 248?
62
Let u = 63 - 40. Let y = 352 - 245. Suppose 0 = -5*n + 3*b + y + 5, 3*n + b = 70. What is the greatest common factor of n and u?
23
Let u(a) = -4*a - 87. Let r be u(-19). Let d = r + 23. Calculate the greatest common divisor of 12 and d.
12
Let v be 13 + -13 + 26 - (-6)/(-1). What is the greatest common divisor of 1070 and v?
10
Let k(o) = o**3 - 2*o**2 - 2*o - 1. Let i be k(-1). Let h be -1 + (i - (-5 - 0)). Suppose 12 = b + 10. Calculate the greatest common factor of h and b.
2
Let m = 455 - 375. Calculate the highest common divisor of 30 and m.
10
Let i = 104 + 64. Suppose a - i = -a. Let m be a + 1 + -4 + -1. What is the highest common factor of 32 and m?
16
Suppose 68*y - 67*y = 68. Calculate the highest common divisor of y and 8.
4
Suppose -20 = -w - 4*w. Suppose 0 = w*h - 5*r - 333, 0 = 5*h + 3*r - 0*r - 370. What is the highest common factor of h and 11?
11
Let p be (1 - 0) + 0 + 9 + -8. Suppose -y = 4*t - 52, -t - 2*t + 34 = p*y. Let k = 1 - -1. Calculate the highest common factor of t and k.
2
Suppose -2*m = -4*w - 4*m + 4, -2*w - 2*m = 2. Suppose -4*q + w*o + 105 = 0, -130 = -4*q - 2*o - 0*o. What is the greatest common factor of 20 and q?
10
Let z = 3 + -2. Let s be (z + (-42)/18)*42/(-4). Calculate the greatest common divisor of s and 98.
14
Let c(a) = a**3 - 8*a**2 + 8*a - 2. Let v be (-1 + 1 - -3)/((-57)/(-133)). Let b be c(v). What is the greatest common divisor of b and 5?
5
Let s be 78/12*(-96)/(-78). Suppose 224 = 3*n + n. Calculate the highest common factor of n and s.
8
Let k = -2 + 79. Calculate the greatest common factor of k and 88.
11
Let l = 1780 - 1031. Calculate the greatest common factor of 14 and l.
7
Let v be ((-2)/(-4))/((-1)/(-120)). Let n(o) = -o + 11. Let d be n(7). Let g = 6 + d. Calculate the greatest common factor of g and v.
10
Let f = -15 - -19. Suppose f*t + a = 3*a + 102, t - 24 = 2*a. What is the greatest common factor of 39 and t?
13
Let i be (-2 - (-10)/2)/((-63)/(-651)). Calculate the greatest common divisor of i and 31.
31
Let d = 192 + -156. What is the highest common divisor of d and 63?
9
Let x be 25/10 - (-3)/(-6). Let r be -4 - -3*x - -2. Suppose r*h - 117 = -1. What is the highest common divisor of 232 and h?
29
Suppose 4*n - 221 = -61. Let k(i) = 3*i**2 + 81*i + 10. Let t be k(-27). What is the highest common factor of n and t?
10
Suppose 4*q = 2*p + 76, 0 = -36*p + 35*p + 2. What is the highest common factor of 260 and q?
20
Let n(q) = 5*q + 2. Let f be n(6). Let z = 58 - 101. Let a = -27 - z. Calculate the highest common factor of f and a.
16
Suppose 0 = a - 844 - 996. Calculate the greatest common factor of 80 and a.
80
Suppose 4*g - m + 62 = -4*m, 0 = 3*g - 5*m + 61. Let n = g - -19. Suppose -6*p = -n*p - 96. Calculate the highest common divisor of p and 8.
8
Suppose 5*w - 24*k - 210 = -28*k, -2*w + 84 = 4*k. Calculate the highest common factor of 1134 and w.
42
Let i = -314 - -325. Calculate the highest common divisor of i and 99.
11
Let b = 878 - 803. What is the greatest common divisor of 900 and b?
75
Suppose 58*x - 84671 + 16057 = 0. What is the greatest common factor of 26 and x?
13
Let h(c) = -c**3 - 5*c**2 + 6. Let w be h(-5). Suppose -w*y = y - 308. Calculate the greatest common factor of 4 and y.
4
Let o = 488 + -278. What is the greatest common divisor of 240 and o?
30
Let t(x) = 5*x**2 - 13*x - 20 + 21 - 6*x**2. Let j b